{"id":1794,"date":"2017-08-03T15:58:07","date_gmt":"2017-08-03T19:58:07","guid":{"rendered":"http:\/\/www.procard.com.py\/procard_institucional\/?page_id=1794"},"modified":"2024-06-13T11:16:14","modified_gmt":"2024-06-13T15:16:14","slug":"payline-3","status":"publish","type":"page","link":"https:\/\/www.procard.com.py\/procard_institucional\/payline-3\/","title":{"rendered":"PayPro"},"content":{"rendered":"<p><img decoding=\"async\" loading=\"lazy\" class=\"wp-image-3590 size-medium aligncenter\" src=\"https:\/\/www.procard.com.py\/procard_institucional\/wp-content\/uploads\/logo-paypro-e1718291276358-235x300.png\" alt=\"\" width=\"235\" height=\"300\" srcset=\"https:\/\/www.procard.com.py\/procard_institucional\/wp-content\/uploads\/logo-paypro-e1718291276358-235x300.png 235w, https:\/\/www.procard.com.py\/procard_institucional\/wp-content\/uploads\/logo-paypro-e1718291276358.png 430w\" sizes=\"(max-width: 235px) 100vw, 235px\" \/><\/p>\n<p>Un servicio desarrollado para comercios adheridos a Procard, realiza la autorizaci\u00f3n de transacciones a trav\u00e9s de Internet. Para el efecto cada comercio cuenta con un usuario y una contrase\u00f1a, los pagos pueden realizarse con tarjetas de cr\u00e9dito. Utiliza un cifrado de 256 bits, garantizando que toda la informaci\u00f3n que se intercambie entre el consumidor, el comercio y Procard no pueda ser capturada por terceros.<\/p>\n<p>\u00b7 Facilidad y seguridad en las compras online.<\/p>\n<p>\u00b7 Seguimiento de las transacciones.<\/p>\n<p>\u00b7 Posibilidad de apertura a nuevas oportunidades comerciales.<\/p>\n<p><img decoding=\"async\" loading=\"lazy\" class=\"wp-image-3636  aligncenter\" src=\"https:\/\/www.procard.com.py\/procard_institucional\/wp-content\/uploads\/Captura-e1718291746741-300x112.png\" alt=\"\" width=\"490\" height=\"183\" srcset=\"https:\/\/www.procard.com.py\/procard_institucional\/wp-content\/uploads\/Captura-e1718291746741-300x112.png 300w, https:\/\/www.procard.com.py\/procard_institucional\/wp-content\/uploads\/Captura-e1718291746741-1024x383.png 1024w, https:\/\/www.procard.com.py\/procard_institucional\/wp-content\/uploads\/Captura-e1718291746741-768x288.png 768w, https:\/\/www.procard.com.py\/procard_institucional\/wp-content\/uploads\/Captura-e1718291746741.png 1437w\" sizes=\"(max-width: 490px) 100vw, 490px\" \/><\/p>\n","protected":false},"excerpt":{"rendered":"<p>Un servicio desarrollado para comercios adheridos a Procard, realiza la autorizaci\u00f3n de transacciones a trav\u00e9s de Internet. Para el efecto cada comercio cuenta con un usuario y una contrase\u00f1a, los pagos pueden realizarse con tarjetas de cr\u00e9dito. Utiliza un cifrado de 256 bits, garantizando que toda la informaci\u00f3n que se intercambie entre el consumidor, el [&hellip;]<\/p>\n","protected":false},"author":11,"featured_media":0,"parent":0,"menu_order":0,"comment_status":"closed","ping_status":"closed","template":"","meta":[],"_links":{"self":[{"href":"https:\/\/www.procard.com.py\/procard_institucional\/wp-json\/wp\/v2\/pages\/1794"}],"collection":[{"href":"https:\/\/www.procard.com.py\/procard_institucional\/wp-json\/wp\/v2\/pages"}],"about":[{"href":"https:\/\/www.procard.com.py\/procard_institucional\/wp-json\/wp\/v2\/types\/page"}],"author":[{"embeddable":true,"href":"https:\/\/www.procard.com.py\/procard_institucional\/wp-json\/wp\/v2\/users\/11"}],"replies":[{"embeddable":true,"href":"https:\/\/www.procard.com.py\/procard_institucional\/wp-json\/wp\/v2\/comments?post=1794"}],"version-history":[{"count":21,"href":"https:\/\/www.procard.com.py\/procard_institucional\/wp-json\/wp\/v2\/pages\/1794\/revisions"}],"predecessor-version":[{"id":3638,"href":"https:\/\/www.procard.com.py\/procard_institucional\/wp-json\/wp\/v2\/pages\/1794\/revisions\/3638"}],"wp:attachment":[{"href":"https:\/\/www.procard.com.py\/procard_institucional\/wp-json\/wp\/v2\/media?parent=1794"}],"curies":[{"name":"wp","href":"https:\/\/api.w.org\/{rel}","templated":true}]}}