{"id":2276,"date":"2017-12-06T16:07:26","date_gmt":"2017-12-06T19:07:26","guid":{"rendered":"http:\/\/www.procard.com.py\/procard_institucional\/?page_id=2276"},"modified":"2018-02-12T14:39:27","modified_gmt":"2018-02-12T17:39:27","slug":"como-asegurar-tus-tarjetas","status":"publish","type":"page","link":"https:\/\/www.procard.com.py\/procard_institucional\/como-asegurar-tus-tarjetas\/","title":{"rendered":"Como Asegurar tus Tarjetas"},"content":{"rendered":"<h4 style=\"text-align: center;\"><strong>Seguridad en tarjetas de cr\u00e9dito y d\u00e9bito<\/strong><\/h4>\n<p>&nbsp;<\/p>\n<p>La clonaci\u00f3n y uso ilegal de nuestros datos de tarjeta de cr\u00e9dito y d\u00e9bito es un tema cada vez m\u00e1s habitual a medida que la tecnolog\u00eda avanza. Cuando hablamos de la clonaci\u00f3n de tarjetas de cr\u00e9dito o d\u00e9bito equivale a la emisi\u00f3n o copia de un nuevo pl\u00e1stico con las atribuciones del pl\u00e1stico original, pero sin la autorizaci\u00f3n del leg\u00edtimo tarjetahabiente.<\/p>\n<p>En Procard hacemos lo posible por brindar seguridad en nuestros servicios, sin embargo, queremos que est\u00e9s igual de seguro fuera de nuestras instalaciones. \u00a1No te alarmes! Protegerse en contra de la clonaci\u00f3n de datos es muy sencillo, s\u00f3lo necesitas tomar algunas precauciones para que no pases por la situaci\u00f3n de tener que reclamar a tu entidad por cargos de compras que no hiciste. Aqu\u00ed van los consejos:<\/p>\n<h4><em>En compras o establecimientos<\/em><\/h4>\n<ul>\n<li>Nunca pierdas de vista a tu tarjeta; pide que traigan la terminal (POS) para que puedas ver c\u00f3mo se hace el cargo o asiste personalmente a la caja.<img decoding=\"async\" loading=\"lazy\" class=\" wp-image-1819 alignright\" src=\"http:\/\/www.procard.com.py\/procard_institucional\/wp-content\/uploads\/2017\/08\/Tarjeta-cr\u00e9dito-pagos-compras-negocios-finanzas.jpg\" alt=\"\" width=\"435\" height=\"290\" srcset=\"https:\/\/www.procard.com.py\/procard_institucional\/wp-content\/uploads\/2017\/08\/Tarjeta-cr\u00e9dito-pagos-compras-negocios-finanzas.jpg 1092w, https:\/\/www.procard.com.py\/procard_institucional\/wp-content\/uploads\/2017\/08\/Tarjeta-cr\u00e9dito-pagos-compras-negocios-finanzas-300x200.jpg 300w, https:\/\/www.procard.com.py\/procard_institucional\/wp-content\/uploads\/2017\/08\/Tarjeta-cr\u00e9dito-pagos-compras-negocios-finanzas-768x512.jpg 768w, https:\/\/www.procard.com.py\/procard_institucional\/wp-content\/uploads\/2017\/08\/Tarjeta-cr\u00e9dito-pagos-compras-negocios-finanzas-1024x683.jpg 1024w\" sizes=\"(max-width: 435px) 100vw, 435px\" \/><\/li>\n<li>F\u00edjate en el tiempo que retienen tu tarjeta. Tres minutos aproximadamente son suficientes para realizar la transacci\u00f3n.<\/li>\n<li>Evita que deslicen tu tarjeta en la m\u00e1quina varias veces, con una debe ser suficiente; menos a\u00fan que la pasen por diferentes lectores o por aparatos distintos a los POS\u00a0 esto puede brindar la oportunidad de copiar tu tarjeta.<\/li>\n<li>Por ning\u00fan motivo dejes que el cobrador introduzca los datos de tu tarjeta y\/o identificaci\u00f3n en su sistema.<\/li>\n<li>No dejes que nadie vea tu contrase\u00f1a a la hora de pagar, puede parecer obvio pero esto pasa con m\u00e1s frecuencia de la que se cree.<\/li>\n<\/ul>\n<h4><em>En un cajero autom\u00e1tico<\/em><\/h4>\n<ul>\n<li>Trata de hacer uso de cajeros autom\u00e1ticos que se encuentren dentro de establecimientos confiables y con vigilancia.<\/li>\n<li>Cubre con tu mano el teclado del cajero a la hora de introducir tu PIN (contrase\u00f1a)<\/li>\n<li>Nunca pidas o aceptes ayuda de extra\u00f1os al usar un cajero autom\u00e1tico.<\/li>\n<li>Retira tu tarjeta y guarda cualquier comprobante o recibo que la m\u00e1quina te proporcione. Espera a que la pantalla vuelva al men\u00fa de inicio para comprobar que tus datos no quedaron guardados.<\/li>\n<li>Si tu tarjeta no puede ser retirada del cajero por alguna raz\u00f3n, notifica al banco de inmediato.<\/li>\n<\/ul>\n<h4><em>Recomendaciones generales<\/em><\/h4>\n<ul>\n<li>Te aconsejamos que cambies las contrase\u00f1as de tus cuentas con regularidad y si te es posible, no repitas ni utilices claves que puedan ser muy obvias (como fechas de cumplea\u00f1os o direcciones).<\/li>\n<li>No compartas tu clave ni datos con nadie (preferiblemente), a menos que sean de tu entera confianza. No dejes que nadie use tu tarjeta por ti y no anotes tus claves cada vez que la cambies.<\/li>\n<li>Revisa el estado de tu cuenta con frecuencia, para que puedas darte cuenta de movimientos que pudieran haber sido realizados por alguien m\u00e1s.<\/li>\n<li>Si te es posible, contrata los servicios de alerta o aviso oficiales de tu Entidad, para poder monitorear los movimientos de tu tarjeta con mayor rapidez y facilidad.<\/li>\n<li>Guarda los comprobantes de tus compras para poder compararlas con lo que se ha descontado de tu tarjeta.<\/li>\n<li>La seguridad es un tema que no pasar\u00e1 de moda, especialmente cuando se trata de proteger tus ingresos, por ello te sugerimos que sigas esto consejos y te protejas de alguna estafa.<\/li>\n<\/ul>\n<p>&nbsp;<\/p>\n","protected":false},"excerpt":{"rendered":"<p>Seguridad en tarjetas de cr\u00e9dito y d\u00e9bito &nbsp; La clonaci\u00f3n y uso ilegal de nuestros datos de tarjeta de cr\u00e9dito y d\u00e9bito es un tema cada vez m\u00e1s habitual a medida que la tecnolog\u00eda avanza. Cuando hablamos de la clonaci\u00f3n de tarjetas de cr\u00e9dito o d\u00e9bito equivale a la emisi\u00f3n o copia de un nuevo [&hellip;]<\/p>\n","protected":false},"author":1,"featured_media":0,"parent":0,"menu_order":0,"comment_status":"closed","ping_status":"closed","template":"","meta":[],"_links":{"self":[{"href":"https:\/\/www.procard.com.py\/procard_institucional\/wp-json\/wp\/v2\/pages\/2276"}],"collection":[{"href":"https:\/\/www.procard.com.py\/procard_institucional\/wp-json\/wp\/v2\/pages"}],"about":[{"href":"https:\/\/www.procard.com.py\/procard_institucional\/wp-json\/wp\/v2\/types\/page"}],"author":[{"embeddable":true,"href":"https:\/\/www.procard.com.py\/procard_institucional\/wp-json\/wp\/v2\/users\/1"}],"replies":[{"embeddable":true,"href":"https:\/\/www.procard.com.py\/procard_institucional\/wp-json\/wp\/v2\/comments?post=2276"}],"version-history":[{"count":5,"href":"https:\/\/www.procard.com.py\/procard_institucional\/wp-json\/wp\/v2\/pages\/2276\/revisions"}],"predecessor-version":[{"id":2445,"href":"https:\/\/www.procard.com.py\/procard_institucional\/wp-json\/wp\/v2\/pages\/2276\/revisions\/2445"}],"wp:attachment":[{"href":"https:\/\/www.procard.com.py\/procard_institucional\/wp-json\/wp\/v2\/media?parent=2276"}],"curies":[{"name":"wp","href":"https:\/\/api.w.org\/{rel}","templated":true}]}}